
Let f(q) = q**3 - 6*q**2 - 9*q + 17. Give f(7).
3
Let a(r) = r**2 + 6*r - 1. Determine a(-5).
-6
Let t(h) = h**3 + 36*h**2 - 120*h - 58. Determine t(-39).
59
Let g(x) = -x**2 - x + 2. Determine g(-2).
0
Let h(x) = -x**3 + 10*x**2 + 6*x - 13. What is h(10)?
47
Let f(c) = 3*c**3 + 3*c**2 + 3*c + 2. What is f(-1)?
-1
Let n(k) = k**2 - 5*k + 3. Calculate n(4).
-1
Let u(a) = 3*a + 13. Give u(-10).
-17
Let j(o) = o**2 + 6*o - 12. Calculate j(-8).
4
Let s(d) = 3*d - 31. Determine s(5).
-16
Let w(c) = 3*c**3 + 4*c**2 - c + 5. Give w(-4).
-119
Let j(g) = 65*g - 268. Give j(4).
-8
Let d(m) = -m**2 - 10*m + 30. Determine d(-17).
-89
Let k(l) = -l**3 - 8*l**2 - 16*l - 53. Calculate k(-7).
10
Let o(a) = a**3 + 5*a**2 + 5*a - 3. Give o(-5).
-28
Let u(y) = -y**2 - 2. Calculate u(6).
-38
Let h(f) = 6*f - 1. Determine h(-5).
-31
Let k(q) = 2*q**2 + 2*q - 16. Calculate k(-4).
8
Let k(r) = r - 4. Calculate k(-9).
-13
Let x(u) = -6*u**3 - 4*u**2 - u + 1. Give x(-1).
4
Let o(l) = 168*l**2 + 1345*l + 11. What is o(-8)?
3
Let w(n) = -2*n + 5. Give w(3).
-1
Let f(z) = z**2 + 11*z - 6. Determine f(-11).
-6
Let b(n) = -26*n + 177. Determine b(7).
-5
Let s(t) = -4*t + 38. Determine s(11).
-6
Let a(i) = -i**3 + 8*i**2 - 8*i + 7. What is a(7)?
0
Let c(v) = -v**3 + 12*v**2 + 14*v - 10. What is c(13)?
3
Let y(w) = -5*w - 48. Determine y(-11).
7
Let g(b) = -b**3 - 9*b**2 + 11*b + 8. Calculate g(-10).
-2
Let j(d) = 5*d + 64. What is j(-7)?
29
Let z(q) = q**3 - 13*q**2 + 9*q + 27. Calculate z(12).
-9
Let o(g) = 3*g**3 + 12*g**2 - 36*g + 10. Calculate o(-6).
10
Let t(x) = x**3 + 8*x**2 + 12*x - 11. Give t(-6).
-11
Let s(r) = r**2 - 37*r + 67. Determine s(35).
-3
Let z(a) = -a**3 + 21*a**2 - 22*a + 64. Give z(20).
24
Let y(v) = v**2 - 30*v - 113. Determine y(33).
-14
Let q(m) = m**3 - 8*m**2 + 8*m - 4. Calculate q(6).
-28
Let q(v) = -2*v**2 - 3*v + 13. Give q(-5).
-22
Let f(x) = -31*x**3 - 2*x - 1. Calculate f(-1).
32
Let s(w) = -10*w + 1. Calculate s(1).
-9
Let d(v) = v**2 + 12*v + 5. What is d(-5)?
-30
Let q(t) = t**2 + 27*t + 23. What is q(-19)?
-129
Let p(v) = 12*v + 18. What is p(-1)?
6
Let z(v) = -v**2 - 47*v + 1002. What is z(16)?
-6
Let f(y) = 5*y - 34. Determine f(7).
1
Let s(c) = c**3 - 11*c**2 - 14*c + 18. Determine s(12).
-6
Let o(r) = -4*r + 11. Calculate o(7).
-17
Let o(h) = -109*h + 116. What is o(1)?
7
Let h(f) = 28*f - 107. Determine h(4).
5
Let p(f) = 5*f**2 - 114*f - 25. What is p(23)?
-2
Let k(r) = r**2 - 13*r. Determine k(13).
0
Let f(s) = -8*s - 4. What is f(-8)?
60
Let b(s) = -s**3 - 3*s**2 + 12*s + 15. Give b(-6).
51
Let p(n) = -17*n - 7. What is p(2)?
-41
Let s(b) = b**3 + 7*b**2 - 7*b + 9. What is s(-8)?
1
Let u(b) = b**3 - 15*b**2 - 16*b + 10. Give u(16).
10
Let b(r) = 10*r - 1. Give b(1).
9
Let f(q) = -q**3 - 8*q**2 - 15*q - 13. Calculate f(-6).
5
Let r(t) = -t - 29. Determine r(-17).
-12
Let u(a) = -2*a - 5. What is u(-13)?
21
Let a(u) = -u - 3. Calculate a(6).
-9
Let u(q) = q**2 + q - 1. What is u(-5)?
19
Let k(l) = 2*l**3 + 85*l**2 - 44*l - 56. Give k(-43).
-13
Let m(p) = -2*p**2 - 40*p - 10. Calculate m(-20).
-10
Let n(v) = 4*v**2 + 4*v + 2. Give n(-3).
26
Let y(i) = 3*i**2. Determine y(1).
3
Let y(q) = q**3 + 7*q**2 - 11. Determine y(-7).
-11
Let b(q) = -7*q + 4. Give b(3).
-17
Let b(p) = -3*p**2 - 2. Give b(-2).
-14
Let l(a) = 21*a + 134. Give l(-6).
8
Let c(s) = s**3 + 6*s**2 + s + 4. Calculate c(-6).
-2
Let b(d) = -9*d**3 + 2*d**2 + d + 2. Determine b(2).
-60
Let c(o) = o**2 + 5*o + 1. Calculate c(-6).
7
Let c(h) = -5*h - 8. Give c(7).
-43
Let l(p) = -p**2 - 7*p - 15. Determine l(-5).
-5
Let w(p) = p + 6. Calculate w(9).
15
Let v(m) = -19*m**2 - m. Calculate v(-1).
-18
Let d(a) = 7*a - 11. Calculate d(1).
-4
Let t(o) = -o**3 - 7*o**2 + 43*o + 5. Give t(-11).
16
Let c(t) = t - 4. Determine c(4).
0
Let x(h) = -h**3 - h**2 + 9*h - 2. Give x(0).
-2
Let d(i) = i**3 + 6*i**2 - 2*i - 11. Give d(-6).
1
Let s(d) = -2*d**3 - 14*d**2 - 4*d + 32. Give s(-7).
60
Let z(x) = 7*x**2 + 217*x - 1. Calculate z(-31).
-1
Let q(f) = 2*f**2 - 46*f - 58. What is q(24)?
-10
Let z(y) = y**2 - 38*y - 429. Calculate z(47).
-6
Let b(n) = n**3 - 9*n**2 - 5*n + 3. What is b(9)?
-42
Let h(n) = 29*n - 93. Determine h(3).
-6
Let i(w) = -15*w - 402. Calculate i(-27).
3
Let u(n) = -66*n**3 + n**2 + n - 2. Calculate u(1).
-66
Let u(g) = 9*g. Calculate u(4).
36
Let n(x) = 11*x + 9. Determine n(-10).
-101
Let v(o) = -16*o - 25. Calculate v(-2).
7
Let w(g) = 18*g + 121. Determine w(-8).
-23
Let o(n) = n**3 + 7*n**2 - 5*n + 5. What is o(-7)?
40
Let n(w) = -7*w + 3. Determine n(-6).
45
Let q(v) = -2*v**3 - 14*v**2 + 5*v - 10. What is q(-7)?
-45
Let z(c) = c**2 - 4*c - 29. Calculate z(-4).
3
Let h(n) = 50*n - 52. Calculate h(1).
-2
Let b(w) = w - 17. Give b(7).
-10
Let n(m) = 4*m**2 - 2*m - 19. Give n(-5).
91
Let o(c) = -3*c**2 - 5*c + 25. Give o(3).
-17
Let c(h) = -h**3 + 7*h**2 + 3*h + 48. Calculate c(8).
8
Let l(t) = -3*t**2 - 27*t - 9. What is l(-8)?
15
Let x(h) = 22*h + 153. Calculate x(-7).
-1
Let k(v) = -v - 2. Calculate k(3).
-5
Let s(q) = 4*q**2 - 58*q + 21. Determine s(14).
-7
Let s(h) = -9*h - 181. Give s(-22).
17
Let g(j) = 7*j - 34. Give g(10).
36
Let p(i) = -i**3 - i**2 - i + 2. Determine p(1).
-1
Let b(k) = k**3 + 6*k**2 - 4*k - 8. Calculate b(-6).
16
Let n(i) = -2*i - 15. Calculate n(2).
-19
Let c(l) = l**2 + 22*l + 50. Give c(-19).
-7
Let x(l) = -l**2 + l. Calculate x(0).
0
Let z(c) = -16*c - 200. Determine z(-16).
56
Let x(o) = o - 6. Give x(-7).
-13
Let k(r) = -5*r**2 - r + 1. Determine k(1).
-5
Let c(v) = -v**2 + 26*v - 4. What is c(26)?
-4
Let i(d) = -d**3 + d**2 + 2*d - 9. What is i(0)?
-9
Let g(m) = 4*m - 14. Give g(4).
2
Let z(s) = s**2 + s - 6. Give z(6).
36
Let u(t) = -t**3 + t**2 + 4*t + 1. Give u(3).
-5
Let c(u) = 11*u**2 + 17*u. Determine c(-2).
10
Let b(o) = o**3 - 14*o**2 + 15*o - 6. Determine b(13).
20
Let d(p) = 26*p - 1. Determine d(-1).
-27
Let o(m) = m**3 - 2*m + 20. Give o(0).
20
Let p(c) = c**3 - 39*c**2 + 36*c + 58. What is p(38)?
-18
Let g(i) = -3*i + 3. Calculate g(0).
3
Let n(k) = 43*k + 137. Determine n(-3).
8
Let a(b) = 4*b**3 - 3*b**2 + b. What is a(2)?
22
Let j(k) = -k**2 - 14*k - 5. Calculate j(-11).
28
Let c(y) = -12*y - 256. What is c(-24)?
32
Let v(n) = n**3 - n**2 - 2*n + 5. What is v(2)?
5
Let q(p) = -57*p**3 + 2*p - 1. Calculate q(1).
-56
Let l(j) = j**3 - 7*j**2 + 7*j + 11. Determine l(5).
-4
Let q(k) = k**2 - 5*k + 9. Calculate q(6).
15
Let y(g) = 9*g**2 + 147*g + 21. Determine y(-16).
-27
Let z(n) = -n**2 - 52*n + 229. What is z(-56)?
5
Let a(t) = 2*t**2 - 15*t + 14. What is a(11)?
91
Let z(o) = -2*o**2 + 15*o + 10. Calculate z(9).
-17
Let r(t) = -11*t - 174. Determine r(-16).
2
Let o(y) = 21*y**2 + y. Calculate o(-1).
20
Let f(n) = n**3 - 8*n**2 + 3*n - 23. What is f(8)?
1
Let a(d) = d + 16. Give a(5).
21
Let a(i) = i**3 + 10*i**2 + 26*i + 2. Calculate a(-5).
-3
Let y(d) = -d - 16. Calculate y(-15).
-1
Let o(h) = -17*h - 354. What is o(-21)?
3
Let h(x) = x**3 + x**2 - 3*x + 3. Calculate h(-3).
-6
Let k(y) = y**3 + 12*y**2 - 13. What is k(-12)?
-13
Let q(g) = g**3 + 8*g**2 + 11*g + 21. What is q(-5)?
41
Let c(w) = -w**3 + 24*w**2 + 22*w + 59. Give c(25).
-16
Let r(v) = 3*v - 22. Determine r(13).
17
Let c(q) = q - 47. Calculate c(20).
-27
Let f(o) = -o**2 + 26*o - 3. What is f(0)?
-3
Let p(t) = -9*t - 55. What is p(-9)?
26
Let c(s) = s**2 + 4*s - 4. Give c(6).
56
Let s(h) = 2*h**3 + h**2 + 4*h + 4. Calculate s(-3).
-53
Let u(f) = 12*f + 16. Give u(-10).
-104
Let y(z) = z**2 - 4*z - 5. Determine y(-5).
40
Let m(q) = -q**2 + 8*q - 16. What is m(9)?
-25
Let b(g) = 2*g**2 - 6*g - 82. Determine b(-7).
58
Let z(q) = q**2 + 18*q + 42. Give z(-17).
25
Let p(k) = -69*k - 2. Give p(-1).
67
Let s(f) = -f**2 + 12*f - 4. Determine s(5).
31
Let x(b) = b**2 + 20*b + 68. Calculate x(-15).
-7
Let a(n) = 8*n - 1. Give a(1).
7
Let c(p) = -19*p. Calculate c(1).
-19
Let t(a) = -a**2 + a + 24. Determine t(6).
-6
Let m(y) = 3*y - 6. Determine m(3).
3
Let s(a) = -14*a**2 - 4*a - 1. What is s(-1)?
-11
Let u(s) = -110*s**2 - 2*s. Give u(-1).
-108
Let j(o) = o**2 + 13*o + 20. Calculate j(-11).
-2
Let x(h) = h**3 - 13*h**2 - h + 11. Determine x(13).
-2
Let g(b) = 37*b**2 + 1. Give g(-1).
38
Let c(v) = -8*v**2 - 2. Give c(-2).
-34
Let a(s) = 5*s + 13. Gi